se 10 = -5*s, -p + v*s + 22 = 2*s. Let m = p - 0. Is m a multiple of 4?
True
Suppose 2*w + 8*w - 2*w = 0. Suppose w = 2*p - 6 - 32. Is 19 a factor of p?
True
Let h be (-22)/((-2)/1)*1. Suppose -h = -5*j - 1. Suppose 0 = j*v + 98 - 268. Is 20 a factor of v?
False
Let p be (-84)/(-16) + (-1)/4. Suppose -3*h = -0*z - 5*z - 430, 742 = p*h - 2*z. Is h a multiple of 6?
True
Let p(v) = 7*v + v**2 + 3*v + 0*v - 5 + 0*v**2. Let k be p(-10). Is 20/((k - -2)/(-3)) a multiple of 10?
True
Suppose 8*g = -0*g + 32. Suppose g*s - 129 = s. Is 9 a factor of s?
False
Let s = 1 - -1. Suppose -5*c = -0*c - 5*m - 245, s*m + 149 = 3*c. Is c a multiple of 15?
False
Let v(i) = 48 + 2*i - 48. Let x be v(1). Suppose 0 = -x*b + b + 45. Does 9 divide b?
True
Suppose 468 = -0*b + 9*b. Does 23 divide 1516/6 + (b/12 - 4)?
True
Does 5 divide (-203)/(-28)*16/1?
False
Let h = -18 + 24. Suppose -2 = -z + 3, 2*z - h = b. Suppose 2*k - 28 = -2*g, b*k - 3*g - 35 = -0*g. Is k a multiple of 2?
False
Let k(h) = h**3 - 37*h**2 + 309*h - 25. Is k(11) a multiple of 4?
True
Suppose 8*x = 250 + 358. Let o = 22 - x. Let w = o - -82. Is 14 a factor of w?
True
Suppose -108 + 24 = -12*f. Is 9 a factor of (49/f - 3)*6*1?
False
Let f(y) = 8*y - 13. Suppose 2*q + 5 = 11. Suppose -2 + 14 = q*k. Does 6 divide f(k)?
False
Let s(w) = -w**2 + 4*w. Let c be s(3). Suppose -6*x + 624 = 4*j - 2*x, -4*j - c*x = -625. Suppose -5*g + j = 3*m, 0*g - 5*m = 5*g - 165. Does 15 divide g?
False
Suppose 2*q = -5*j + 2*j + 6, 3 = -2*j + q. Let p be -2*5/4*-2. Suppose j = -o + p*o - 348. Is 22 a factor of o?
False
Let l = -96 + 106. Let r(x) = 8*x**2 + x**2 + 15*x - 6*x + 14 - x**3. Is r(l) a multiple of 2?
True
Let x(g) = -6*g**2 + g + 14. Let f(p) = p**3 - 11*p**2 + 3*p + 29. Let u(d) = -2*f(d) + 5*x(d). Does 6 divide u(-5)?
False
Let b be 4 - 3*22/6. Does 17 divide 1*-1 + 155 + 6 + b?
True
Suppose 23*h - 23880 = -17*h. Is h a multiple of 17?
False
Let b(v) = -v**3 - 5*v**2 + 3*v - 7. Let o be b(-6). Let u(w) = -w**3 - w**3 + 8*w + 0*w**3 + 3*w**3 + o*w**2 + 4. Does 12 divide u(-10)?
True
Let h(k) = -7*k**2 + 0*k + 8*k**2 + k. Let q be h(-2). Is 16 a factor of -1 + 1*(q + 40)?
False
Suppose -4*f + a = -0*a - 24, -4*a - 31 = -3*f. Suppose f*g - 500 + 100 = 0. Is 16 a factor of g?
True
Is 6 a factor of ((-3)/2)/(5 + 12513/(-2502))?
False
Suppose -1642 = -3*o - 5*n, 0 = 3*o - 0*n - n - 1612. Is 21 a factor of o?
False
Let f be 3*(1 + (-114)/(-9)). Let x = f - 25. Is x a multiple of 16?
True
Let k(b) = -b**3 + 2*b**2 - 2*b + 1. Let z be k(2). Suppose d - 3*g + 3 = 0, 4*g = -0*g + 12. Let h = d + z. Is h even?
False
Let z(u) = 2*u**2 - 10*u - 20. Does 13 divide z(-7)?
False
Let i = -871 + 1256. Suppose 4*l = i + 1459. Suppose -61 + l = 4*q. Is q a multiple of 25?
True
Let i = -16 + 20. Let s(j) = j**3 - 5*j**2 + 6*j - 3. Is 5 a factor of s(i)?
True
Suppose 3*l + 1 + 16 = 2*b, b + 3*l - 4 = 0. Suppose -b*n + 16 = -5*n. Does 4 divide n?
True
Let t(j) = j**2 + 3*j - 17. Let c be 2/3*39/(-2). Does 24 divide t(c)?
False
Let i = 2351 - 1053. Is i a multiple of 11?
True
Let j = -25 - -66. Let x = -23 + j. Is 2 a factor of x?
True
Let d(j) = 2*j**2 + 20*j + 52. Does 4 divide d(-10)?
True
Let y(q) = 2 + 1193*q - 5 - 1197*q + 5*q**2 - 2. Does 16 divide y(5)?
False
Let q(k) = k**2 - 21*k + 22. Let i be q(20). Suppose -i*g + 2*y + 8 - 4 = 0, -3*g + 1 = -4*y. Is g a multiple of 2?
False
Suppose -3*q + 4*r = -7*q + 36, 2*q - 38 = 2*r. Let u = q + 36. Is u a multiple of 13?
False
Suppose -f + 2*b = -46, 5*f + 3*b - 4*b = 248. Suppose -49*w = -f*w + 396. Is w a multiple of 66?
True
Let o(h) be the second derivative of -127*h**3/6 + 5*h**2 - 27*h. Is 24 a factor of o(-2)?
True
Suppose -5*w - 160 = -10*w. Let r = 74 - w. Is r a multiple of 25?
False
Let r(t) = 11*t - 27. Let k be r(16). Let o = k - 70. Is o a multiple of 22?
False
Suppose 75701 = -2*h + 63*h. Is h a multiple of 73?
True
Is 84*4/((-64)/(-152)) a multiple of 42?
True
Let o = 7 + -8. Let c be (30/20)/(o/(-78)). Suppose 8*u = 5*u + c. Is u a multiple of 13?
True
Let j(q) = -3*q - 14. Let p be j(-7). Let d be (-1)/p - (-1220)/14. Suppose 6*f = 3*f + d. Is 20 a factor of f?
False
Suppose -4*r + 16 = 4*w - 0*r, -4 = -2*w + 2*r. Let k(m) = 40*m. Is 6 a factor of k(w)?
True
Let q(z) = -1 + 16*z**2 + 33*z**2 + 0*z**2. Suppose 8 = 4*w - 2*l, 0*w - 5*l - 12 = -2*w. Is 10 a factor of q(w)?
False
Let a = 53 - 15. Let s = -24 + a. Is 10 a factor of s?
False
Let o be 38/5 - -12*3/(-60). Suppose -48 = -10*v + o*v. Is 3 a factor of v?
False
Let u(k) = -7*k**3 + k**2 + 7*k + 5. Let o be u(-4). Suppose 0*n - 4*n + j = -589, -3*n + j = -o. Let b = n + -99. Is b a multiple of 13?
False
Let p(y) = -39*y - 55. Is 6 a factor of p(-3)?
False
Let v(y) = -5*y**3 - 5*y - 2. Let w be v(-2). Suppose 0 = -3*x + 3*f + 99, x = 3*f - 7*f + w. Does 9 divide x?
True
Suppose 3*m - 2*t = 2, -17 - 10 = -3*m - 3*t. Let d be (14/m)/(3/6). Let s = d + 8. Is s a multiple of 5?
True
Let i(p) = -p + 201. Is 16 a factor of i(-23)?
True
Let x be (-312)/(-21) - (-4)/28. Suppose -15 = -3*p + 5*a, 0*p - x = -2*p + 5*a. Suppose p = -5*o + 289 - 94. Is o a multiple of 8?
False
Suppose 0 = 24*t - 16395 + 5787. Is t a multiple of 13?
True
Is 3*((-90776)/24)/(-7) a multiple of 10?
False
Suppose -4*j + 56 = 5*y, -j + 11 = y - 1. Suppose -y = -2*n - 2*n. Let a = 40 - n. Is 14 a factor of a?
False
Let z(q) = -q + 2. Let v be z(2). Suppose b + 4*b + 65 = v. Let g = 0 - b. Is 7 a factor of g?
False
Suppose 3*m = k, -5*k + 2*m = m. Suppose -3*d - 2*i = -39, k = -4*d - 3*i + 52. Is d a multiple of 12?
False
Suppose -4*t + 122 = -2*t. Suppose t = 5*l - 399. Is l a multiple of 8?
False
Let p(o) = 7*o + 61. Let k be p(-5). Does 13 divide k*(-3 + -3 + 8)?
True
Let z(r) = -16*r**3 - 5*r**2 - 15*r - 72. Is 27 a factor of z(-6)?
True
Suppose -7 + 31 = 8*s. Suppose -2*y = -4*o - 406, 0*o - s*o = 5*y - 1067. Is 18 a factor of y?
False
Does 60 divide (-1)/(20/195)*12180/(-45)?
False
Let j(h) be the third derivative of -h**6/120 - h**5/60 + 7*h**4/12 - h**3/2 + 15*h**2. Is 31 a factor of j(-6)?
True
Let n(v) = 77*v + 3*v**2 - 84*v + 31 - 2*v**2. Does 4 divide n(10)?
False
Suppose 17*v = 11*v + 294. Does 37 divide v?
False
Let k = -1246 - -1467. Is k a multiple of 13?
True
Suppose 0*m = -3*h - m + 5795, m = -4. Does 18 divide h?
False
Let u = 16 + 178. Suppose 0 = -3*f + 346 + u. Is f a multiple of 45?
True
Is 47 a factor of (-754)/(-2 - -1) + -7 + 5?
True
Suppose i = 3*h - 4880, i = -4*h - 2224 + 8719. Is h a multiple of 50?
False
Suppose -14*h = -5*h - 2844. Is 6 a factor of h?
False
Let a(c) = 4*c - 19. Let p be a(6). Suppose -p*k + 0*k = -170. Is 8 a factor of k?
False
Let z(t) be the second derivative of t**4/6 - t**3/3 + t**2/2 - 5*t. Let r be z(4). Let v = r + -12. Is v a multiple of 13?
True
Let s = 26 + -23. Suppose 2*x = -g - 26 + 78, s*g - 156 = x. Is 13 a factor of g?
True
Let k(y) = 1960*y - 148. Does 43 divide k(1)?
False
Let d = 773 - 737. Is d a multiple of 18?
True
Let q = -812 - -1543. Is q a multiple of 56?
False
Let h = -133 + 132. Let m(o) = -29*o - 5. Is 5 a factor of m(h)?
False
Let s(h) = 2*h - 84 + 36 + 39 + 15*h. Is 14 a factor of s(3)?
True
Let l = 768 + -114. Is l a multiple of 13?
False
Let d = -1436 - -1684. Is 31 a factor of d?
True
Let j = -623 + 1069. Is 5 a factor of j?
False
Let w(x) = 25*x**2 + 18*x + 171. Does 65 divide w(-7)?
False
Let p(j) be the third derivative of -j**6/120 + j**5/6 + j**4/2 - 7*j**3/3 + 2*j**2. Let u be p(11). Let o = 15 - u. Is o a multiple of 4?
False
Suppose 2*z + 3*z = 10. Suppose 5*b = -2*v + 28, b + z*b + 3*v = 15. Let m = b + 6. Is m a multiple of 6?
True
Suppose p + 3*v - 1647 = 0, -1536 = -2*p - 5*v + 1755. Is p a multiple of 39?
True
Let i be (-4)/(-6)*(2 - -1). Suppose -i*u + 3*f + 80 = 0, -4*u + 9*u + 4*f - 246 = 0. Is 8 a factor of u?
False
Let b be ((-1 - 0) + -3)/(-2). Is 1/b - 146/(-4) a multiple of 6?
False
Let u be 3 + 1/((-2)/8). Let r(a) = -81*a**3 + 4*a**2 + 2*a - 5. Let o(h) = -80*h**3 + 3*h**2 + h - 4. Let k(v) = 4*o(v) - 3*r(v). Does 13 divide k(u)?
True
Suppose 2*r - 2*h + 881 = 3543, r - 1301 = -5*h. Is r a multiple of 39?
True
Let u(b) = b**3 - 10*b**2 - 10*b - 6. Suppose -22 - 33 = -5*d. Let i be u(d). Suppose -i*o + 204 = -66. Is o a multiple of 18?
Tru